{"id":1986,"date":"2026-04-28T11:09:18","date_gmt":"2026-04-28T09:09:18","guid":{"rendered":"https:\/\/www.atelierpascaud.fr\/?post_type=product&#038;p=1986"},"modified":"2026-04-28T11:23:16","modified_gmt":"2026-04-28T09:23:16","slug":"laques-dargile","status":"publish","type":"product","link":"https:\/\/www.atelierpascaud.fr\/index.php\/produit\/laques-dargile\/","title":{"rendered":"Laques d&rsquo;argile"},"content":{"rendered":"<p>Paire de vases en terre sigill\u00e9e noire et terre sigill\u00e9e rouge.<\/p>\n<p>Int\u00e9rieur \u00e9maill\u00e9.<\/p>\n<p>Dimensions vase noir: 25 x 25 x 21 com<\/p>\n<p>Dimensions vase rouge 25 x 25 x 25 cm<\/p>\n","protected":false},"excerpt":{"rendered":"<p>Model\u00e9s \u00e0 la main, ces deux vases conservent les traces du fa\u00e7onnage : plis de l&rsquo;argile, assemblages, zones de collage.<\/p>\n<p>L&rsquo;un rouge, l&rsquo;autre noir, ils font \u00e9cho \u00e0 certains laques japonais (<em>sanuki-bori<\/em>) qui utilisent le vernis pour r\u00e9v\u00e9ler les asp\u00e9rit\u00e9s de la mati\u00e8re et les marques des outils de fa\u00e7onnage.<\/p>\n<p>C&rsquo;est une esth\u00e9tique que je trouve tr\u00e8s inspirante car elle assume pleinement la pr\u00e9sence humaine dans l&rsquo;objet, l\u00e0 o\u00f9 tant de traditions artisanales s&rsquo;\u00e9vertuent \u00e0 la dissimuler.<\/p>\n<p><strong>Laques d&rsquo;argile<\/strong> est une proposition de rencontre dans la mati\u00e8re, un dialogue silencieux, tactile et visuel, entre celui qui fa\u00e7onne, et celui qui regarde, celui qui touche.<\/p>\n","protected":false},"featured_media":1984,"template":"","meta":{"_themeisle_gutenberg_block_has_review":false},"product_brand":[],"product_cat":[53,52],"product_tag":[41,56,59,44,55,57,60,36,54,58],"class_list":{"0":"post-1986","1":"product","2":"type-product","3":"status-publish","4":"has-post-thumbnail","6":"product_cat-laques-dargile","7":"product_cat-vases","8":"product_tag-artisanal","9":"product_tag-ceramique","10":"product_tag-ceramique-noire","11":"product_tag-ceramique-rouge","12":"product_tag-dyptique","13":"product_tag-laque-japonaise","14":"product_tag-objet-dart","15":"product_tag-terre-sigillee","16":"product_tag-vase","17":"product_tag-wabi-sabi","19":"first","20":"instock","21":"sold-individually","22":"taxable","23":"shipping-taxable","24":"purchasable","25":"product-type-simple"},"_links":{"self":[{"href":"https:\/\/www.atelierpascaud.fr\/index.php\/wp-json\/wp\/v2\/product\/1986","targetHints":{"allow":["GET"]}}],"collection":[{"href":"https:\/\/www.atelierpascaud.fr\/index.php\/wp-json\/wp\/v2\/product"}],"about":[{"href":"https:\/\/www.atelierpascaud.fr\/index.php\/wp-json\/wp\/v2\/types\/product"}],"wp:featuredmedia":[{"embeddable":true,"href":"https:\/\/www.atelierpascaud.fr\/index.php\/wp-json\/wp\/v2\/media\/1984"}],"wp:attachment":[{"href":"https:\/\/www.atelierpascaud.fr\/index.php\/wp-json\/wp\/v2\/media?parent=1986"}],"wp:term":[{"taxonomy":"product_brand","embeddable":true,"href":"https:\/\/www.atelierpascaud.fr\/index.php\/wp-json\/wp\/v2\/product_brand?post=1986"},{"taxonomy":"product_cat","embeddable":true,"href":"https:\/\/www.atelierpascaud.fr\/index.php\/wp-json\/wp\/v2\/product_cat?post=1986"},{"taxonomy":"product_tag","embeddable":true,"href":"https:\/\/www.atelierpascaud.fr\/index.php\/wp-json\/wp\/v2\/product_tag?post=1986"}],"curies":[{"name":"wp","href":"https:\/\/api.w.org\/{rel}","templated":true}]}}

<p>Paire de vases en terre sigillée noire et terre sigillée rouge.</p>
<p>Intérieur émaillé.</p>
<p>Dimensions vase noir: 25 x 25 x 21 com</p>
<p>Dimensions vase rouge 25 x 25 x 25 cm</p>

<p>Modelés à la main, ces deux vases conservent les traces du façonnage : plis de l&rsquo;argile, assemblages, zones de collage.</p>
<p>L&rsquo;un rouge, l&rsquo;autre noir, ils font écho à certains laques japonais (<em>sanuki-bori</em>) qui utilisent le vernis pour révéler les aspérités de la matière et les marques des outils de façonnage.</p>
<p>C&rsquo;est une esthétique que je trouve très inspirante car elle assume pleinement la présence humaine dans l&rsquo;objet, là où tant de traditions artisanales s&rsquo;évertuent à la dissimuler.</p>
<p><strong>Laques d&rsquo;argile</strong> est une proposition de rencontre dans la matière, un dialogue silencieux, tactile et visuel, entre celui qui façonne, et celui qui regarde, celui qui touche.</p>
