{"id":1840,"date":"2025-09-09T08:25:01","date_gmt":"2025-09-09T06:25:01","guid":{"rendered":"https:\/\/www.atelierpascaud.fr\/?post_type=product&#038;p=1840"},"modified":"2026-04-29T00:10:18","modified_gmt":"2026-04-28T22:10:18","slug":"cernes-noires-2","status":"publish","type":"product","link":"https:\/\/www.atelierpascaud.fr\/index.php\/produit\/cernes-noires-2\/","title":{"rendered":"Coupe Cernes noires"},"content":{"rendered":"","protected":false},"excerpt":{"rendered":"<p>Grande coupe en terre sigill\u00e9e noire de 28 cm, fa\u00e7onn\u00e9e et d\u00e9cor\u00e9e \u00e0 la main.<\/p>\n","protected":false},"featured_media":1572,"template":"","meta":{"_themeisle_gutenberg_block_has_review":false},"product_brand":[],"product_cat":[35,34],"product_tag":[41,42,40,38,37,39,43,36],"class_list":{"0":"post-1840","1":"product","2":"type-product","3":"status-publish","4":"has-post-thumbnail","6":"product_cat-cernes","7":"product_cat-coupe-decorative","8":"product_tag-artisanal","9":"product_tag-decor-grave","10":"product_tag-fait-main","11":"product_tag-gravure","12":"product_tag-noire","13":"product_tag-piece-unique","14":"product_tag-sillons","15":"product_tag-terre-sigillee","17":"first","18":"instock","19":"sold-individually","20":"taxable","21":"shipping-taxable","22":"purchasable","23":"product-type-simple"},"_links":{"self":[{"href":"https:\/\/www.atelierpascaud.fr\/index.php\/wp-json\/wp\/v2\/product\/1840","targetHints":{"allow":["GET"]}}],"collection":[{"href":"https:\/\/www.atelierpascaud.fr\/index.php\/wp-json\/wp\/v2\/product"}],"about":[{"href":"https:\/\/www.atelierpascaud.fr\/index.php\/wp-json\/wp\/v2\/types\/product"}],"wp:featuredmedia":[{"embeddable":true,"href":"https:\/\/www.atelierpascaud.fr\/index.php\/wp-json\/wp\/v2\/media\/1572"}],"wp:attachment":[{"href":"https:\/\/www.atelierpascaud.fr\/index.php\/wp-json\/wp\/v2\/media?parent=1840"}],"wp:term":[{"taxonomy":"product_brand","embeddable":true,"href":"https:\/\/www.atelierpascaud.fr\/index.php\/wp-json\/wp\/v2\/product_brand?post=1840"},{"taxonomy":"product_cat","embeddable":true,"href":"https:\/\/www.atelierpascaud.fr\/index.php\/wp-json\/wp\/v2\/product_cat?post=1840"},{"taxonomy":"product_tag","embeddable":true,"href":"https:\/\/www.atelierpascaud.fr\/index.php\/wp-json\/wp\/v2\/product_tag?post=1840"}],"curies":[{"name":"wp","href":"https:\/\/api.w.org\/{rel}","templated":true}]}}

<p>Grande coupe en terre sigillée noire de 28 cm, façonnée et décorée à la main.</p>
