{"id":949,"date":"2024-05-01T12:29:25","date_gmt":"2024-05-01T10:29:25","guid":{"rendered":"https:\/\/www.atelierpascaud.fr\/?page_id=949"},"modified":"2025-03-17T11:04:05","modified_gmt":"2025-03-17T10:04:05","slug":"meteore-2","status":"publish","type":"page","link":"https:\/\/www.atelierpascaud.fr\/index.php\/meteore-2\/","title":{"rendered":"m\u00e9t\u00e9ore 2"},"content":{"rendered":"\n<p><a href=\"https:\/\/www.atelierpascaud.fr\/index.php\/ceramiques\/\" data-type=\"page\" data-id=\"2\">C\u00c9RAMIQUES<\/a>&gt;<a href=\"https:\/\/www.atelierpascaud.fr\/?page_id=824\">  M\u00c9T\u00c9ORES<\/a>&gt;<\/p>\n\n\n\n<div id=\"wp-block-themeisle-blocks-advanced-columns-8475323c\" class=\"wp-block-themeisle-blocks-advanced-columns has-1-columns has-desktop-equal-layout has-tablet-equal-layout has-mobile-collapsedRows-layout has-vertical-unset\"><div class=\"wp-block-themeisle-blocks-advanced-columns-overlay\"><\/div><div class=\"innerblocks-wrap\">\n<div id=\"wp-block-themeisle-blocks-advanced-column-18ed1dd5\" class=\"wp-block-themeisle-blocks-advanced-column\">\n<figure class=\"wp-block-gallery has-nested-images columns-2 is-cropped wp-block-gallery-1 is-layout-flex wp-block-gallery-is-layout-flex\">\n<figure class=\"wp-block-image size-large\"><a href=\"https:\/\/www.atelierpascaud.fr\/wp-content\/uploads\/2025\/03\/Meteore-3-12-edited-scaled.jpeg\" data-rel=\"lightbox-image-0\" data-rl_title=\"\" data-rl_caption=\"\" title=\"\"><img loading=\"lazy\" decoding=\"async\" width=\"809\" height=\"1000\" data-id=\"1459\" src=\"https:\/\/www.atelierpascaud.fr\/wp-content\/uploads\/2025\/03\/Meteore-3-12-edited-809x1000.jpeg\" alt=\"vase en terre cuite\" class=\"wp-image-1459\" srcset=\"https:\/\/www.atelierpascaud.fr\/wp-content\/uploads\/2025\/03\/Meteore-3-12-edited-809x1000.jpeg 809w, https:\/\/www.atelierpascaud.fr\/wp-content\/uploads\/2025\/03\/Meteore-3-12-edited-scaled-600x742.jpeg 600w, https:\/\/www.atelierpascaud.fr\/wp-content\/uploads\/2025\/03\/Meteore-3-12-edited-243x300.jpeg 243w, https:\/\/www.atelierpascaud.fr\/wp-content\/uploads\/2025\/03\/Meteore-3-12-edited-768x950.jpeg 768w, https:\/\/www.atelierpascaud.fr\/wp-content\/uploads\/2025\/03\/Meteore-3-12-edited-1242x1536.jpeg 1242w, https:\/\/www.atelierpascaud.fr\/wp-content\/uploads\/2025\/03\/Meteore-3-12-edited-1656x2048.jpeg 1656w\" sizes=\"auto, (max-width: 809px) 100vw, 809px\" \/><\/a><\/figure>\n\n\n\n<figure class=\"wp-block-image size-large\"><a href=\"https:\/\/www.atelierpascaud.fr\/wp-content\/uploads\/2025\/03\/Meteore-3-edited-scaled.jpeg\" data-rel=\"lightbox-image-1\" data-rl_title=\"\" data-rl_caption=\"\" title=\"\"><img loading=\"lazy\" decoding=\"async\" width=\"750\" height=\"1000\" data-id=\"1458\" src=\"https:\/\/www.atelierpascaud.fr\/wp-content\/uploads\/2025\/03\/Meteore-3-edited-750x1000.jpeg\" alt=\"vase en terre cuite\" class=\"wp-image-1458\" srcset=\"https:\/\/www.atelierpascaud.fr\/wp-content\/uploads\/2025\/03\/Meteore-3-edited-750x1000.jpeg 750w, https:\/\/www.atelierpascaud.fr\/wp-content\/uploads\/2025\/03\/Meteore-3-edited-scaled-600x800.jpeg 600w, https:\/\/www.atelierpascaud.fr\/wp-content\/uploads\/2025\/03\/Meteore-3-edited-225x300.jpeg 225w, https:\/\/www.atelierpascaud.fr\/wp-content\/uploads\/2025\/03\/Meteore-3-edited-768x1024.jpeg 768w, https:\/\/www.atelierpascaud.fr\/wp-content\/uploads\/2025\/03\/Meteore-3-edited-1152x1536.jpeg 1152w, https:\/\/www.atelierpascaud.fr\/wp-content\/uploads\/2025\/03\/Meteore-3-edited-1536x2048.jpeg 1536w, https:\/\/www.atelierpascaud.fr\/wp-content\/uploads\/2025\/03\/Meteore-3-edited-scaled.jpeg 1920w\" sizes=\"auto, (max-width: 750px) 100vw, 750px\" \/><\/a><\/figure>\n\n\n\n<figure class=\"wp-block-image\"><a href=\"https:\/\/www.atelierpascaud.fr\/wp-content\/uploads\/2024\/04\/Meteore-3-4-scaled.jpg\" data-rel=\"lightbox-image-2\" data-rl_title=\"\" data-rl_caption=\"\" title=\"\"><img loading=\"lazy\" decoding=\"async\" width=\"1920\" height=\"2560\" data-id=\"881\" src=\"https:\/\/www.atelierpascaud.fr\/wp-content\/uploads\/2024\/04\/Meteore-3-4-scaled.jpg\" alt=\"vase en terre cuite\" class=\"wp-image-881\" srcset=\"https:\/\/www.atelierpascaud.fr\/wp-content\/uploads\/2024\/04\/Meteore-3-4-scaled.jpg 1920w, https:\/\/www.atelierpascaud.fr\/wp-content\/uploads\/2024\/04\/Meteore-3-4-scaled-600x800.jpg 600w, https:\/\/www.atelierpascaud.fr\/wp-content\/uploads\/2024\/04\/Meteore-3-4-225x300.jpg 225w, https:\/\/www.atelierpascaud.fr\/wp-content\/uploads\/2024\/04\/Meteore-3-4-750x1000.jpg 750w, https:\/\/www.atelierpascaud.fr\/wp-content\/uploads\/2024\/04\/Meteore-3-4-768x1024.jpg 768w, https:\/\/www.atelierpascaud.fr\/wp-content\/uploads\/2024\/04\/Meteore-3-4-1152x1536.jpg 1152w, https:\/\/www.atelierpascaud.fr\/wp-content\/uploads\/2024\/04\/Meteore-3-4-1536x2048.jpg 1536w\" sizes=\"auto, (max-width: 1920px) 100vw, 1920px\" \/><\/a><\/figure>\n\n\n\n<figure class=\"wp-block-image\"><a href=\"https:\/\/www.atelierpascaud.fr\/wp-content\/uploads\/2024\/04\/Meteore-3-10-1-scaled.jpeg\" data-rel=\"lightbox-image-3\" data-rl_title=\"\" data-rl_caption=\"\" title=\"\"><img loading=\"lazy\" decoding=\"async\" width=\"1920\" height=\"2560\" data-id=\"892\" src=\"https:\/\/www.atelierpascaud.fr\/wp-content\/uploads\/2024\/04\/Meteore-3-10-1-scaled.jpeg\" alt=\"vase en terre cuite\" class=\"wp-image-892\" srcset=\"https:\/\/www.atelierpascaud.fr\/wp-content\/uploads\/2024\/04\/Meteore-3-10-1-scaled.jpeg 1920w, https:\/\/www.atelierpascaud.fr\/wp-content\/uploads\/2024\/04\/Meteore-3-10-1-scaled-600x800.jpeg 600w, https:\/\/www.atelierpascaud.fr\/wp-content\/uploads\/2024\/04\/Meteore-3-10-1-225x300.jpeg 225w, https:\/\/www.atelierpascaud.fr\/wp-content\/uploads\/2024\/04\/Meteore-3-10-1-750x1000.jpeg 750w, https:\/\/www.atelierpascaud.fr\/wp-content\/uploads\/2024\/04\/Meteore-3-10-1-768x1024.jpeg 768w, https:\/\/www.atelierpascaud.fr\/wp-content\/uploads\/2024\/04\/Meteore-3-10-1-1152x1536.jpeg 1152w, https:\/\/www.atelierpascaud.fr\/wp-content\/uploads\/2024\/04\/Meteore-3-10-1-1536x2048.jpeg 1536w\" sizes=\"auto, (max-width: 1920px) 100vw, 1920px\" \/><\/a><\/figure>\n<\/figure>\n<\/div>\n<\/div><\/div>\n\n\n\n<p class=\"has-text-align-center has-small-font-size\" style=\"margin-top:0;margin-right:var(--wp--preset--spacing--80);margin-bottom:0;margin-left:var(--wp--preset--spacing--80)\"><em>terre cuite, \u00e9mail m\u00e9tallescent<\/em><\/p>\n\n\n\n<div style=\"height:200px\" aria-hidden=\"true\" class=\"wp-block-spacer\"><\/div>\n","protected":false},"excerpt":{"rendered":"<p>C\u00c9RAMIQUES&gt; M\u00c9T\u00c9ORES&gt; terre cuite, \u00e9mail m\u00e9tallescent<\/p>\n","protected":false},"author":1,"featured_media":0,"parent":0,"menu_order":0,"comment_status":"closed","ping_status":"closed","template":"","meta":{"_themeisle_gutenberg_block_has_review":false,"footnotes":""},"class_list":["post-949","page","type-page","status-publish","hentry"],"_links":{"self":[{"href":"https:\/\/www.atelierpascaud.fr\/index.php\/wp-json\/wp\/v2\/pages\/949","targetHints":{"allow":["GET"]}}],"collection":[{"href":"https:\/\/www.atelierpascaud.fr\/index.php\/wp-json\/wp\/v2\/pages"}],"about":[{"href":"https:\/\/www.atelierpascaud.fr\/index.php\/wp-json\/wp\/v2\/types\/page"}],"author":[{"embeddable":true,"href":"https:\/\/www.atelierpascaud.fr\/index.php\/wp-json\/wp\/v2\/users\/1"}],"replies":[{"embeddable":true,"href":"https:\/\/www.atelierpascaud.fr\/index.php\/wp-json\/wp\/v2\/comments?post=949"}],"version-history":[{"count":20,"href":"https:\/\/www.atelierpascaud.fr\/index.php\/wp-json\/wp\/v2\/pages\/949\/revisions"}],"predecessor-version":[{"id":1456,"href":"https:\/\/www.atelierpascaud.fr\/index.php\/wp-json\/wp\/v2\/pages\/949\/revisions\/1456"}],"wp:attachment":[{"href":"https:\/\/www.atelierpascaud.fr\/index.php\/wp-json\/wp\/v2\/media?parent=949"}],"curies":[{"name":"wp","href":"https:\/\/api.w.org\/{rel}","templated":true}]}}