{"id":1955,"date":"2026-04-27T22:46:31","date_gmt":"2026-04-27T20:46:31","guid":{"rendered":"https:\/\/www.atelierpascaud.fr\/?page_id=1955"},"modified":"2026-04-29T00:15:46","modified_gmt":"2026-04-28T22:15:46","slug":"cernes","status":"publish","type":"page","link":"https:\/\/www.atelierpascaud.fr\/index.php\/cernes\/","title":{"rendered":"Cernes"},"content":{"rendered":"\n<div class=\"wp-block-cover is-light\" style=\"margin-top:var(--wp--preset--spacing--30);margin-bottom:var(--wp--preset--spacing--30);min-height:330px;aspect-ratio:unset;\"><img loading=\"lazy\" decoding=\"async\" width=\"750\" height=\"1000\" class=\"wp-block-cover__image-background wp-image-1703 size-large\" alt=\"Vase en c\u00e9ramique rouge\" src=\"https:\/\/www.atelierpascaud.fr\/wp-content\/uploads\/2025\/05\/IMG_3325-750x1000.jpeg\" data-object-fit=\"cover\" srcset=\"https:\/\/www.atelierpascaud.fr\/wp-content\/uploads\/2025\/05\/IMG_3325-750x1000.jpeg 750w, https:\/\/www.atelierpascaud.fr\/wp-content\/uploads\/2025\/05\/IMG_3325-scaled-600x800.jpeg 600w, https:\/\/www.atelierpascaud.fr\/wp-content\/uploads\/2025\/05\/IMG_3325-225x300.jpeg 225w, https:\/\/www.atelierpascaud.fr\/wp-content\/uploads\/2025\/05\/IMG_3325-768x1024.jpeg 768w, https:\/\/www.atelierpascaud.fr\/wp-content\/uploads\/2025\/05\/IMG_3325-1152x1536.jpeg 1152w, https:\/\/www.atelierpascaud.fr\/wp-content\/uploads\/2025\/05\/IMG_3325-1536x2048.jpeg 1536w, https:\/\/www.atelierpascaud.fr\/wp-content\/uploads\/2025\/05\/IMG_3325-scaled.jpeg 1920w\" sizes=\"auto, (max-width: 750px) 100vw, 750px\" \/><span aria-hidden=\"true\" class=\"wp-block-cover__background has-background-dim-20 has-background-dim\" style=\"background-color:#b6998e\"><\/span><div class=\"wp-block-cover__inner-container is-layout-constrained wp-block-cover-is-layout-constrained\">\n<p class=\"has-text-align-center has-raft-fg-alt-color has-text-color has-link-color has-cardo-font-family has-x-large-font-size wp-elements-af26053829ebfecc5112de09d4869049\" style=\"letter-spacing:3px\">CERNES<\/p>\n<\/div><\/div>\n\n\n\n<p class=\"has-text-align-left has-raft-fg-alt-background-color has-background\" style=\"margin-top:var(--wp--preset--spacing--80);margin-right:var(--wp--preset--spacing--80);margin-bottom:var(--wp--preset--spacing--80);margin-left:var(--wp--preset--spacing--80);padding-top:var(--wp--preset--spacing--60);padding-right:var(--wp--preset--spacing--80);padding-bottom:var(--wp--preset--spacing--60);padding-left:var(--wp--preset--spacing--80);font-size:16px\">La s\u00e9rie <em>Cernes <\/em>s&rsquo;inspire des cernes de croissance v\u00e9g\u00e9tale. Ces lignes concentriques, irr\u00e9guli\u00e8res, m\u00e9moire invisible du vivant qui se construit. <br><br>Transpos\u00e9 dans l&rsquo;argile, chaque sillon devient l\u2019empreinte d\u2019un temps accumul\u00e9, une mani\u00e8re de rendre sensible ce qui, dans la nature, demeure habituellement enfoui au c\u0153ur de la mati\u00e8re. <br><br>Le voile de terre sigill\u00e9e qui les recouvre apporte une douceur qui invite \u00e0 une lecture tactile de cette histoire silencieuse.<\/p>\n\n\n\n<figure class=\"wp-block-gallery has-nested-images columns-4 is-cropped wp-block-gallery-1 is-layout-flex wp-block-gallery-is-layout-flex\" style=\"border-style:none;border-width:0px\">\n<figure class=\"wp-block-image size-large\"><img loading=\"lazy\" decoding=\"async\" width=\"750\" height=\"1000\" data-id=\"1617\" src=\"https:\/\/www.atelierpascaud.fr\/wp-content\/uploads\/2025\/03\/IMG_3204-750x1000.jpg\" alt=\"\" class=\"wp-image-1617\" style=\"aspect-ratio:1\" srcset=\"https:\/\/www.atelierpascaud.fr\/wp-content\/uploads\/2025\/03\/IMG_3204-750x1000.jpg 750w, https:\/\/www.atelierpascaud.fr\/wp-content\/uploads\/2025\/03\/IMG_3204-scaled-600x800.jpg 600w, https:\/\/www.atelierpascaud.fr\/wp-content\/uploads\/2025\/03\/IMG_3204-225x300.jpg 225w, https:\/\/www.atelierpascaud.fr\/wp-content\/uploads\/2025\/03\/IMG_3204-768x1024.jpg 768w, https:\/\/www.atelierpascaud.fr\/wp-content\/uploads\/2025\/03\/IMG_3204-1152x1536.jpg 1152w, https:\/\/www.atelierpascaud.fr\/wp-content\/uploads\/2025\/03\/IMG_3204-1536x2048.jpg 1536w, https:\/\/www.atelierpascaud.fr\/wp-content\/uploads\/2025\/03\/IMG_3204-scaled.jpg 1920w\" sizes=\"auto, (max-width: 750px) 100vw, 750px\" \/><\/figure>\n\n\n\n<figure class=\"wp-block-image size-large\"><img loading=\"lazy\" decoding=\"async\" width=\"2458\" height=\"2560\" data-id=\"1598\" src=\"https:\/\/www.atelierpascaud.fr\/wp-content\/uploads\/2025\/03\/IMG_3334-scaled.jpeg\" alt=\"vase noir satin\u00e9\" class=\"wp-image-1598\" style=\"aspect-ratio:1\" srcset=\"https:\/\/www.atelierpascaud.fr\/wp-content\/uploads\/2025\/03\/IMG_3334-scaled.jpeg 2458w, https:\/\/www.atelierpascaud.fr\/wp-content\/uploads\/2025\/03\/IMG_3334-600x625.jpeg 600w\" sizes=\"auto, (max-width: 2458px) 100vw, 2458px\" \/><\/figure>\n\n\n\n<figure class=\"wp-block-image size-large\"><img loading=\"lazy\" decoding=\"async\" width=\"985\" height=\"1000\" data-id=\"1591\" src=\"https:\/\/www.atelierpascaud.fr\/wp-content\/uploads\/2025\/03\/IMG_3326-edited-985x1000.jpeg\" alt=\"\" class=\"wp-image-1591\" style=\"aspect-ratio:1\" srcset=\"https:\/\/www.atelierpascaud.fr\/wp-content\/uploads\/2025\/03\/IMG_3326-edited-985x1000.jpeg 985w, https:\/\/www.atelierpascaud.fr\/wp-content\/uploads\/2025\/03\/IMG_3326-edited-scaled-600x609.jpeg 600w, https:\/\/www.atelierpascaud.fr\/wp-content\/uploads\/2025\/03\/IMG_3326-edited-296x300.jpeg 296w, https:\/\/www.atelierpascaud.fr\/wp-content\/uploads\/2025\/03\/IMG_3326-edited-768x779.jpeg 768w, https:\/\/www.atelierpascaud.fr\/wp-content\/uploads\/2025\/03\/IMG_3326-edited-1514x1536.jpeg 1514w, https:\/\/www.atelierpascaud.fr\/wp-content\/uploads\/2025\/03\/IMG_3326-edited-2018x2048.jpeg 2018w\" sizes=\"auto, (max-width: 985px) 100vw, 985px\" \/><\/figure>\n\n\n\n<figure class=\"wp-block-image size-large\"><img loading=\"lazy\" decoding=\"async\" width=\"881\" height=\"1000\" data-id=\"1517\" src=\"https:\/\/www.atelierpascaud.fr\/wp-content\/uploads\/2025\/03\/IMG_2768-881x1000.jpeg\" alt=\"\" class=\"wp-image-1517\" style=\"aspect-ratio:1\" srcset=\"https:\/\/www.atelierpascaud.fr\/wp-content\/uploads\/2025\/03\/IMG_2768-881x1000.jpeg 881w, https:\/\/www.atelierpascaud.fr\/wp-content\/uploads\/2025\/03\/IMG_2768-scaled-600x681.jpeg 600w, https:\/\/www.atelierpascaud.fr\/wp-content\/uploads\/2025\/03\/IMG_2768-264x300.jpeg 264w, https:\/\/www.atelierpascaud.fr\/wp-content\/uploads\/2025\/03\/IMG_2768-768x872.jpeg 768w, https:\/\/www.atelierpascaud.fr\/wp-content\/uploads\/2025\/03\/IMG_2768-1353x1536.jpeg 1353w, https:\/\/www.atelierpascaud.fr\/wp-content\/uploads\/2025\/03\/IMG_2768-1804x2048.jpeg 1804w\" sizes=\"auto, (max-width: 881px) 100vw, 881px\" \/><\/figure>\n\n\n\n<figure class=\"wp-block-image size-large\"><img loading=\"lazy\" decoding=\"async\" width=\"838\" height=\"1000\" data-id=\"1527\" src=\"https:\/\/www.atelierpascaud.fr\/wp-content\/uploads\/2025\/03\/IMG_2771-838x1000.jpeg\" alt=\"\" class=\"wp-image-1527\" style=\"aspect-ratio:1\" srcset=\"https:\/\/www.atelierpascaud.fr\/wp-content\/uploads\/2025\/03\/IMG_2771-838x1000.jpeg 838w, https:\/\/www.atelierpascaud.fr\/wp-content\/uploads\/2025\/03\/IMG_2771-scaled-600x716.jpeg 600w, https:\/\/www.atelierpascaud.fr\/wp-content\/uploads\/2025\/03\/IMG_2771-251x300.jpeg 251w, https:\/\/www.atelierpascaud.fr\/wp-content\/uploads\/2025\/03\/IMG_2771-768x916.jpeg 768w, https:\/\/www.atelierpascaud.fr\/wp-content\/uploads\/2025\/03\/IMG_2771-1287x1536.jpeg 1287w, https:\/\/www.atelierpascaud.fr\/wp-content\/uploads\/2025\/03\/IMG_2771-1717x2048.jpeg 1717w\" sizes=\"auto, (max-width: 838px) 100vw, 838px\" \/><\/figure>\n\n\n\n<figure class=\"wp-block-image size-large\"><img loading=\"lazy\" decoding=\"async\" width=\"901\" height=\"1000\" data-id=\"1475\" src=\"https:\/\/www.atelierpascaud.fr\/wp-content\/uploads\/2025\/03\/IMG_2748-901x1000.jpeg\" alt=\"\" class=\"wp-image-1475\" style=\"aspect-ratio:1\" srcset=\"https:\/\/www.atelierpascaud.fr\/wp-content\/uploads\/2025\/03\/IMG_2748-901x1000.jpeg 901w, https:\/\/www.atelierpascaud.fr\/wp-content\/uploads\/2025\/03\/IMG_2748-scaled-600x666.jpeg 600w, https:\/\/www.atelierpascaud.fr\/wp-content\/uploads\/2025\/03\/IMG_2748-270x300.jpeg 270w, https:\/\/www.atelierpascaud.fr\/wp-content\/uploads\/2025\/03\/IMG_2748-768x852.jpeg 768w, https:\/\/www.atelierpascaud.fr\/wp-content\/uploads\/2025\/03\/IMG_2748-1385x1536.jpeg 1385w, https:\/\/www.atelierpascaud.fr\/wp-content\/uploads\/2025\/03\/IMG_2748-1846x2048.jpeg 1846w\" sizes=\"auto, (max-width: 901px) 100vw, 901px\" \/><\/figure>\n\n\n\n<figure class=\"wp-block-image size-large\"><img loading=\"lazy\" decoding=\"async\" width=\"909\" height=\"1000\" data-id=\"1479\" src=\"https:\/\/www.atelierpascaud.fr\/wp-content\/uploads\/2025\/03\/IMG_2760-909x1000.jpeg\" alt=\"\" class=\"wp-image-1479\" style=\"aspect-ratio:1\" srcset=\"https:\/\/www.atelierpascaud.fr\/wp-content\/uploads\/2025\/03\/IMG_2760-909x1000.jpeg 909w, https:\/\/www.atelierpascaud.fr\/wp-content\/uploads\/2025\/03\/IMG_2760-scaled-600x660.jpeg 600w, https:\/\/www.atelierpascaud.fr\/wp-content\/uploads\/2025\/03\/IMG_2760-273x300.jpeg 273w, https:\/\/www.atelierpascaud.fr\/wp-content\/uploads\/2025\/03\/IMG_2760-768x845.jpeg 768w, https:\/\/www.atelierpascaud.fr\/wp-content\/uploads\/2025\/03\/IMG_2760-1396x1536.jpeg 1396w, https:\/\/www.atelierpascaud.fr\/wp-content\/uploads\/2025\/03\/IMG_2760-1862x2048.jpeg 1862w\" sizes=\"auto, (max-width: 909px) 100vw, 909px\" \/><\/figure>\n\n\n\n<figure class=\"wp-block-image size-large\"><a href=\"https:\/\/www.atelierpascaud.fr\/index.php\/produit\/vase-cernes-rouges\/\"><img loading=\"lazy\" decoding=\"async\" width=\"792\" height=\"1000\" data-id=\"1702\" src=\"https:\/\/www.atelierpascaud.fr\/wp-content\/uploads\/2025\/05\/IMG_3324-1-792x1000.jpeg\" alt=\"\" class=\"wp-image-1702\" style=\"aspect-ratio:1\" srcset=\"https:\/\/www.atelierpascaud.fr\/wp-content\/uploads\/2025\/05\/IMG_3324-1-792x1000.jpeg 792w, https:\/\/www.atelierpascaud.fr\/wp-content\/uploads\/2025\/05\/IMG_3324-1-scaled-600x757.jpeg 600w, https:\/\/www.atelierpascaud.fr\/wp-content\/uploads\/2025\/05\/IMG_3324-1-238x300.jpeg 238w, https:\/\/www.atelierpascaud.fr\/wp-content\/uploads\/2025\/05\/IMG_3324-1-768x969.jpeg 768w, https:\/\/www.atelierpascaud.fr\/wp-content\/uploads\/2025\/05\/IMG_3324-1-1217x1536.jpeg 1217w, https:\/\/www.atelierpascaud.fr\/wp-content\/uploads\/2025\/05\/IMG_3324-1-1623x2048.jpeg 1623w, https:\/\/www.atelierpascaud.fr\/wp-content\/uploads\/2025\/05\/IMG_3324-1-scaled.jpeg 2028w\" sizes=\"auto, (max-width: 792px) 100vw, 792px\" \/><\/a><\/figure>\n<\/figure>\n\n\n\n<figure class=\"wp-block-image size-large is-resized\" style=\"margin-top:var(--wp--preset--spacing--30);margin-bottom:var(--wp--preset--spacing--30)\"><a href=\"https:\/\/www.atelierpascaud.fr\/index.php\/produit\/cernes-noires-2\/\"><img loading=\"lazy\" decoding=\"async\" width=\"1920\" height=\"2560\" src=\"https:\/\/www.atelierpascaud.fr\/wp-content\/uploads\/2025\/03\/IMG_3210-scaled.jpg\" alt=\"Coupe d\u00e9corative en terre sigill\u00e9e noire avec cercles grav\u00e9s \u00e0 la main.\" class=\"wp-image-1572\" style=\"aspect-ratio:0.7499999813614144;width:287px;height:auto\" srcset=\"https:\/\/www.atelierpascaud.fr\/wp-content\/uploads\/2025\/03\/IMG_3210-scaled.jpg 1920w, https:\/\/www.atelierpascaud.fr\/wp-content\/uploads\/2025\/03\/IMG_3210-scaled-600x800.jpg 600w\" sizes=\"auto, (max-width: 1920px) 100vw, 1920px\" \/><\/a><\/figure>\n","protected":false},"excerpt":{"rendered":"<p>La s\u00e9rie Cernes s&rsquo;inspire des cernes de croissance v\u00e9g\u00e9tale. Ces lignes concentriques, irr\u00e9guli\u00e8res, m\u00e9moire invisible du vivant qui se construit. Transpos\u00e9 dans l&rsquo;argile, chaque sillon devient l\u2019empreinte d\u2019un temps accumul\u00e9, une mani\u00e8re de rendre sensible ce qui, dans la nature, demeure habituellement enfoui au c\u0153ur de la mati\u00e8re. Le voile de terre sigill\u00e9e qui les [&hellip;]<\/p>\n","protected":false},"author":1,"featured_media":0,"parent":0,"menu_order":0,"comment_status":"closed","ping_status":"closed","template":"","meta":{"_themeisle_gutenberg_block_has_review":false,"footnotes":""},"class_list":["post-1955","page","type-page","status-publish","hentry"],"_links":{"self":[{"href":"https:\/\/www.atelierpascaud.fr\/index.php\/wp-json\/wp\/v2\/pages\/1955","targetHints":{"allow":["GET"]}}],"collection":[{"href":"https:\/\/www.atelierpascaud.fr\/index.php\/wp-json\/wp\/v2\/pages"}],"about":[{"href":"https:\/\/www.atelierpascaud.fr\/index.php\/wp-json\/wp\/v2\/types\/page"}],"author":[{"embeddable":true,"href":"https:\/\/www.atelierpascaud.fr\/index.php\/wp-json\/wp\/v2\/users\/1"}],"replies":[{"embeddable":true,"href":"https:\/\/www.atelierpascaud.fr\/index.php\/wp-json\/wp\/v2\/comments?post=1955"}],"version-history":[{"count":23,"href":"https:\/\/www.atelierpascaud.fr\/index.php\/wp-json\/wp\/v2\/pages\/1955\/revisions"}],"predecessor-version":[{"id":2045,"href":"https:\/\/www.atelierpascaud.fr\/index.php\/wp-json\/wp\/v2\/pages\/1955\/revisions\/2045"}],"wp:attachment":[{"href":"https:\/\/www.atelierpascaud.fr\/index.php\/wp-json\/wp\/v2\/media?parent=1955"}],"curies":[{"name":"wp","href":"https:\/\/api.w.org\/{rel}","templated":true}]}}