{"id":1804,"date":"2025-08-28T18:58:42","date_gmt":"2025-08-28T16:58:42","guid":{"rendered":"https:\/\/www.atelierpascaud.fr\/index.php\/boutique\/"},"modified":"2026-04-29T00:16:52","modified_gmt":"2026-04-28T22:16:52","slug":"lesceramiques","status":"publish","type":"page","link":"https:\/\/www.atelierpascaud.fr\/index.php\/lesceramiques\/","title":{"rendered":"LES C\u00c9RAMIQUES"},"content":{"rendered":"\n<div class=\"wp-block-group is-horizontal is-layout-flex wp-container-core-group-is-layout-94ff7917 wp-block-group-is-layout-flex\" style=\"margin-top:var(--wp--preset--spacing--50);margin-bottom:var(--wp--preset--spacing--50)\">\n<div class=\"wp-block-cover is-light\"><img loading=\"lazy\" decoding=\"async\" width=\"1920\" height=\"2560\" class=\"wp-block-cover__image-background wp-image-1675 size-full\" alt=\"Vase noir en terre sigill\u00e9e\" src=\"https:\/\/www.atelierpascaud.fr\/wp-content\/uploads\/2025\/05\/IMG_2123-1-scaled.jpg\" data-object-fit=\"cover\" srcset=\"https:\/\/www.atelierpascaud.fr\/wp-content\/uploads\/2025\/05\/IMG_2123-1-scaled.jpg 1920w, https:\/\/www.atelierpascaud.fr\/wp-content\/uploads\/2025\/05\/IMG_2123-1-600x800.jpg 600w\" sizes=\"auto, (max-width: 1920px) 100vw, 1920px\" \/><span aria-hidden=\"true\" class=\"wp-block-cover__background has-background-dim\" style=\"background-color:#9f9d96\"><\/span><div class=\"wp-block-cover__inner-container is-layout-constrained wp-block-cover-is-layout-constrained\">\n<p class=\"has-text-align-center has-raft-fg-alt-color has-text-color has-link-color has-large-font-size wp-elements-9b7af9130460ebef27d8bc6120760bee\" style=\"font-style:normal;font-weight:100;letter-spacing:3px\"><a href=\"https:\/\/www.atelierpascaud.fr\/index.php\/produit\/laques-dargile\/\" data-type=\"link\" data-id=\"https:\/\/www.atelierpascaud.fr\/index.php\/produit\/laques-dargile\/\">LAQUES<br>D&rsquo;ARGILE<\/a><\/p>\n<\/div><\/div>\n\n\n\n<div class=\"wp-block-cover is-light\"><img loading=\"lazy\" decoding=\"async\" width=\"1920\" height=\"2560\" class=\"wp-block-cover__image-background wp-image-1572 size-full\" alt=\"Coupe d\u00e9corative en terre sigill\u00e9e noire avec cercles grav\u00e9s \u00e0 la main.\" src=\"https:\/\/www.atelierpascaud.fr\/wp-content\/uploads\/2025\/03\/IMG_3210-scaled.jpg\" data-object-fit=\"cover\" srcset=\"https:\/\/www.atelierpascaud.fr\/wp-content\/uploads\/2025\/03\/IMG_3210-scaled.jpg 1920w, https:\/\/www.atelierpascaud.fr\/wp-content\/uploads\/2025\/03\/IMG_3210-scaled-600x800.jpg 600w\" sizes=\"auto, (max-width: 1920px) 100vw, 1920px\" \/><span aria-hidden=\"true\" class=\"wp-block-cover__background has-background-dim\" style=\"background-color:#a39c92\"><\/span><div class=\"wp-block-cover__inner-container is-layout-constrained wp-block-cover-is-layout-constrained\">\n<p class=\"has-text-align-center has-raft-fg-alt-color has-text-color has-link-color has-large-font-size wp-elements-312692b2a8336b83d04ed1921664a427\" style=\"letter-spacing:3px\"><a href=\"https:\/\/www.atelierpascaud.fr\/index.php\/cernes\/\" data-type=\"page\" data-id=\"1955\">CERNES<\/a><\/p>\n<\/div><\/div>\n\n\n\n<div class=\"wp-block-cover is-light\"><img loading=\"lazy\" decoding=\"async\" width=\"1920\" height=\"2560\" class=\"wp-block-cover__image-background wp-image-1542 size-full\" alt=\"Vase en terre sigill\u00e9e noire\" src=\"https:\/\/www.atelierpascaud.fr\/wp-content\/uploads\/2025\/03\/IMG_3220-scaled.jpeg\" style=\"object-position:49% 60%\" data-object-fit=\"cover\" data-object-position=\"49% 60%\" srcset=\"https:\/\/www.atelierpascaud.fr\/wp-content\/uploads\/2025\/03\/IMG_3220-scaled.jpeg 1920w, https:\/\/www.atelierpascaud.fr\/wp-content\/uploads\/2025\/03\/IMG_3220-scaled-600x800.jpeg 600w, https:\/\/www.atelierpascaud.fr\/wp-content\/uploads\/2025\/03\/IMG_3220-225x300.jpeg 225w\" sizes=\"auto, (max-width: 1920px) 100vw, 1920px\" \/><span aria-hidden=\"true\" class=\"wp-block-cover__background has-background-dim\" style=\"background-color:#acaaa6\"><\/span><div class=\"wp-block-cover__inner-container is-layout-constrained wp-block-cover-is-layout-constrained\">\n<p class=\"has-text-align-center has-large-font-size\">LIGNE<br>DE<br>CR\u00caTE<br><\/p>\n<\/div><\/div>\n\n\n\n<div class=\"wp-block-cover is-light\"><img loading=\"lazy\" decoding=\"async\" width=\"937\" height=\"1024\" class=\"wp-block-cover__image-background wp-image-224 size-large\" alt=\"Carafes en c\u00e9ramique\" src=\"https:\/\/www.atelierpascaud.fr\/wp-content\/uploads\/2023\/07\/IMG_0499-937x1024.jpeg\" data-object-fit=\"cover\" srcset=\"https:\/\/www.atelierpascaud.fr\/wp-content\/uploads\/2023\/07\/IMG_0499-937x1024.jpeg 937w, https:\/\/www.atelierpascaud.fr\/wp-content\/uploads\/2023\/07\/IMG_0499-600x656.jpeg 600w, https:\/\/www.atelierpascaud.fr\/wp-content\/uploads\/2023\/07\/IMG_0499-275x300.jpeg 275w, https:\/\/www.atelierpascaud.fr\/wp-content\/uploads\/2023\/07\/IMG_0499-768x839.jpeg 768w, https:\/\/www.atelierpascaud.fr\/wp-content\/uploads\/2023\/07\/IMG_0499-1406x1536.jpeg 1406w, https:\/\/www.atelierpascaud.fr\/wp-content\/uploads\/2023\/07\/IMG_0499.jpeg 1696w\" sizes=\"auto, (max-width: 937px) 100vw, 937px\" \/><span aria-hidden=\"true\" class=\"wp-block-cover__background has-background-dim\" style=\"background-color:#bbb6b5\"><\/span><div class=\"wp-block-cover__inner-container is-layout-constrained wp-block-cover-is-layout-constrained\">\n<p class=\"has-text-align-center has-large-font-size\"><a href=\"https:\/\/www.atelierpascaud.fr\/index.php\/verseuses-2\/\">VERSEUSES<\/a><\/p>\n<\/div><\/div>\n\n\n\n<div class=\"wp-block-cover is-light\"><img loading=\"lazy\" decoding=\"async\" width=\"861\" height=\"1000\" class=\"wp-block-cover__image-background wp-image-898 size-large\" alt=\"vase en terre cuite\" src=\"https:\/\/www.atelierpascaud.fr\/wp-content\/uploads\/2024\/04\/Meteore-4-4-861x1000.jpeg\" data-object-fit=\"cover\" srcset=\"https:\/\/www.atelierpascaud.fr\/wp-content\/uploads\/2024\/04\/Meteore-4-4-861x1000.jpeg 861w, https:\/\/www.atelierpascaud.fr\/wp-content\/uploads\/2024\/04\/Meteore-4-4-scaled-600x697.jpeg 600w, https:\/\/www.atelierpascaud.fr\/wp-content\/uploads\/2024\/04\/Meteore-4-4-258x300.jpeg 258w, https:\/\/www.atelierpascaud.fr\/wp-content\/uploads\/2024\/04\/Meteore-4-4-768x892.jpeg 768w, https:\/\/www.atelierpascaud.fr\/wp-content\/uploads\/2024\/04\/Meteore-4-4-1323x1536.jpeg 1323w, https:\/\/www.atelierpascaud.fr\/wp-content\/uploads\/2024\/04\/Meteore-4-4-1763x2048.jpeg 1763w\" sizes=\"auto, (max-width: 861px) 100vw, 861px\" \/><span aria-hidden=\"true\" class=\"wp-block-cover__background has-background-dim\" style=\"background-color:#FFF\"><\/span><div class=\"wp-block-cover__inner-container is-layout-constrained wp-block-cover-is-layout-constrained\">\n<p class=\"has-text-align-center has-large-font-size\"><a href=\"https:\/\/www.atelierpascaud.fr\/index.php\/meteores\/\" data-type=\"link\" data-id=\"https:\/\/www.atelierpascaud.fr\/index.php\/meteores\/\">M\u00c9T\u00c9ORES<\/a><\/p>\n<\/div><\/div>\n<\/div>\n\n\n\n<p><\/p>\n","protected":false},"excerpt":{"rendered":"","protected":false},"author":1,"featured_media":0,"parent":0,"menu_order":0,"comment_status":"closed","ping_status":"closed","template":"template-plain","meta":{"_themeisle_gutenberg_block_has_review":false,"footnotes":""},"class_list":["post-1804","page","type-page","status-publish","hentry"],"_links":{"self":[{"href":"https:\/\/www.atelierpascaud.fr\/index.php\/wp-json\/wp\/v2\/pages\/1804","targetHints":{"allow":["GET"]}}],"collection":[{"href":"https:\/\/www.atelierpascaud.fr\/index.php\/wp-json\/wp\/v2\/pages"}],"about":[{"href":"https:\/\/www.atelierpascaud.fr\/index.php\/wp-json\/wp\/v2\/types\/page"}],"author":[{"embeddable":true,"href":"https:\/\/www.atelierpascaud.fr\/index.php\/wp-json\/wp\/v2\/users\/1"}],"replies":[{"embeddable":true,"href":"https:\/\/www.atelierpascaud.fr\/index.php\/wp-json\/wp\/v2\/comments?post=1804"}],"version-history":[{"count":19,"href":"https:\/\/www.atelierpascaud.fr\/index.php\/wp-json\/wp\/v2\/pages\/1804\/revisions"}],"predecessor-version":[{"id":2046,"href":"https:\/\/www.atelierpascaud.fr\/index.php\/wp-json\/wp\/v2\/pages\/1804\/revisions\/2046"}],"wp:attachment":[{"href":"https:\/\/www.atelierpascaud.fr\/index.php\/wp-json\/wp\/v2\/media?parent=1804"}],"curies":[{"name":"wp","href":"https:\/\/api.w.org\/{rel}","templated":true}]}}

LES CÉRAMIQUES

<div class="wp-block-group is-horizontal is-layout-flex wp-container-core-group-is-layout-94ff7917 wp-block-group-is-layout-flex" style="margin-top:var(--wp--preset--spacing--50);margin-bottom:var(--wp--preset--spacing--50)">
<div class="wp-block-cover is-light"><img loading="lazy" decoding="async" width="1920" height="2560" class="wp-block-cover__image-background wp-image-1675 size-full" alt="Vase noir en terre sigillée" src="https://www.atelierpascaud.fr/wp-content/uploads/2025/05/IMG_2123-1-scaled.jpg" data-object-fit="cover" srcset="https://www.atelierpascaud.fr/wp-content/uploads/2025/05/IMG_2123-1-scaled.jpg 1920w, https://www.atelierpascaud.fr/wp-content/uploads/2025/05/IMG_2123-1-600x800.jpg 600w" sizes="auto, (max-width: 1920px) 100vw, 1920px" /><span aria-hidden="true" class="wp-block-cover__background has-background-dim" style="background-color:#9f9d96"></span><div class="wp-block-cover__inner-container is-layout-constrained wp-block-cover-is-layout-constrained">
<p class="has-text-align-center has-raft-fg-alt-color has-text-color has-link-color has-large-font-size wp-elements-9b7af9130460ebef27d8bc6120760bee" style="font-style:normal;font-weight:100;letter-spacing:3px"><a href="https://www.atelierpascaud.fr/index.php/produit/laques-dargile/" data-type="link" data-id="https://www.atelierpascaud.fr/index.php/produit/laques-dargile/">LAQUES<br>D&rsquo;ARGILE</a></p>
</div></div>



<div class="wp-block-cover is-light"><img loading="lazy" decoding="async" width="1920" height="2560" class="wp-block-cover__image-background wp-image-1572 size-full" alt="Coupe décorative en terre sigillée noire avec cercles gravés à la main." src="https://www.atelierpascaud.fr/wp-content/uploads/2025/03/IMG_3210-scaled.jpg" data-object-fit="cover" srcset="https://www.atelierpascaud.fr/wp-content/uploads/2025/03/IMG_3210-scaled.jpg 1920w, https://www.atelierpascaud.fr/wp-content/uploads/2025/03/IMG_3210-scaled-600x800.jpg 600w" sizes="auto, (max-width: 1920px) 100vw, 1920px" /><span aria-hidden="true" class="wp-block-cover__background has-background-dim" style="background-color:#a39c92"></span><div class="wp-block-cover__inner-container is-layout-constrained wp-block-cover-is-layout-constrained">
<p class="has-text-align-center has-raft-fg-alt-color has-text-color has-link-color has-large-font-size wp-elements-312692b2a8336b83d04ed1921664a427" style="letter-spacing:3px"><a href="https://www.atelierpascaud.fr/index.php/cernes/" data-type="page" data-id="1955">CERNES</a></p>
</div></div>



<div class="wp-block-cover is-light"><img loading="lazy" decoding="async" width="1920" height="2560" class="wp-block-cover__image-background wp-image-1542 size-full" alt="Vase en terre sigillée noire" src="https://www.atelierpascaud.fr/wp-content/uploads/2025/03/IMG_3220-scaled.jpeg" style="object-position:49% 60%" data-object-fit="cover" data-object-position="49% 60%" srcset="https://www.atelierpascaud.fr/wp-content/uploads/2025/03/IMG_3220-scaled.jpeg 1920w, https://www.atelierpascaud.fr/wp-content/uploads/2025/03/IMG_3220-scaled-600x800.jpeg 600w, https://www.atelierpascaud.fr/wp-content/uploads/2025/03/IMG_3220-225x300.jpeg 225w" sizes="auto, (max-width: 1920px) 100vw, 1920px" /><span aria-hidden="true" class="wp-block-cover__background has-background-dim" style="background-color:#acaaa6"></span><div class="wp-block-cover__inner-container is-layout-constrained wp-block-cover-is-layout-constrained">
<p class="has-text-align-center has-large-font-size">LIGNE<br>DE<br>CRÊTE<br></p>
</div></div>



<div class="wp-block-cover is-light"><img loading="lazy" decoding="async" width="937" height="1024" class="wp-block-cover__image-background wp-image-224 size-large" alt="Carafes en céramique" src="https://www.atelierpascaud.fr/wp-content/uploads/2023/07/IMG_0499-937x1024.jpeg" data-object-fit="cover" srcset="https://www.atelierpascaud.fr/wp-content/uploads/2023/07/IMG_0499-937x1024.jpeg 937w, https://www.atelierpascaud.fr/wp-content/uploads/2023/07/IMG_0499-600x656.jpeg 600w, https://www.atelierpascaud.fr/wp-content/uploads/2023/07/IMG_0499-275x300.jpeg 275w, https://www.atelierpascaud.fr/wp-content/uploads/2023/07/IMG_0499-768x839.jpeg 768w, https://www.atelierpascaud.fr/wp-content/uploads/2023/07/IMG_0499-1406x1536.jpeg 1406w, https://www.atelierpascaud.fr/wp-content/uploads/2023/07/IMG_0499.jpeg 1696w" sizes="auto, (max-width: 937px) 100vw, 937px" /><span aria-hidden="true" class="wp-block-cover__background has-background-dim" style="background-color:#bbb6b5"></span><div class="wp-block-cover__inner-container is-layout-constrained wp-block-cover-is-layout-constrained">
<p class="has-text-align-center has-large-font-size"><a href="https://www.atelierpascaud.fr/index.php/verseuses-2/">VERSEUSES</a></p>
</div></div>



<div class="wp-block-cover is-light"><img loading="lazy" decoding="async" width="861" height="1000" class="wp-block-cover__image-background wp-image-898 size-large" alt="vase en terre cuite" src="https://www.atelierpascaud.fr/wp-content/uploads/2024/04/Meteore-4-4-861x1000.jpeg" data-object-fit="cover" srcset="https://www.atelierpascaud.fr/wp-content/uploads/2024/04/Meteore-4-4-861x1000.jpeg 861w, https://www.atelierpascaud.fr/wp-content/uploads/2024/04/Meteore-4-4-scaled-600x697.jpeg 600w, https://www.atelierpascaud.fr/wp-content/uploads/2024/04/Meteore-4-4-258x300.jpeg 258w, https://www.atelierpascaud.fr/wp-content/uploads/2024/04/Meteore-4-4-768x892.jpeg 768w, https://www.atelierpascaud.fr/wp-content/uploads/2024/04/Meteore-4-4-1323x1536.jpeg 1323w, https://www.atelierpascaud.fr/wp-content/uploads/2024/04/Meteore-4-4-1763x2048.jpeg 1763w" sizes="auto, (max-width: 861px) 100vw, 861px" /><span aria-hidden="true" class="wp-block-cover__background has-background-dim" style="background-color:#FFF"></span><div class="wp-block-cover__inner-container is-layout-constrained wp-block-cover-is-layout-constrained">
<p class="has-text-align-center has-large-font-size"><a href="https://www.atelierpascaud.fr/index.php/meteores/" data-type="link" data-id="https://www.atelierpascaud.fr/index.php/meteores/">MÉTÉORES</a></p>
</div></div>
</div>



<p></p>
